= 17. Suppose 2*m = -4*c - 10, -5*m = 3*c - 2 - 8. Let i(o) = 5 - o + o**2 - m*o - 8. Determine i(k).
4
Let v = -15 + 15. Suppose v*f + 5*f = 10. Let q(o) = 4 - f - 4*o + 2. Calculate q(4).
-12
Let k(c) be the first derivative of 4*c**3/3 + c**2/2 - c + 1. Let f = 27 - 21. Let l be 0 + (2/f - (-28)/42). What is k(l)?
4
Let d(i) = -3*i + 2. Let z(p) = -p - 9. Let j be z(-7). Let a(r) = 7*r - 3. Let o(n) = j*a(n) - 5*d(n). Determine o(-3).
-7
Let r(q) = q**2 - 8*q + 6. Let z = 173 + -122. Suppose -7 + 19 = 3*i. Suppose 4*n = -i*h - 11 + z, h = -2*n + 14. Determine r(h).
-6
Suppose -6*a - 1 = -5*a. Let k(w) be the first derivative of 15*w**4/4 + 2*w**3/3 + w**2 + w + 9. Determine k(a).
-14
Suppose -172 = -2*n - 2*t, -110 = 4*n - 4*t - 462. Let w = 81 - n. Let v(a) = a**3 + 5*a**2 - 2*a + 6. Give v(w).
-18
Let l(d) = -381 + 384 + 9*d + 5*d - 13*d. What is l(7)?
10
Let u(a) = -4*a - 1 + 4 + 6*a. Let d = 1878 - 1880. What is u(d)?
-1
Let h(b) = -b**3 - 2*b**2 + 3*b + 2. Let n = 3 - 1. Suppose -n*z - j = 8, 4*j + 0*j + 5 = z. Give h(z).
2
Let l(z) = -9*z**2 - z - 2. Let o(s) = 7*s**2 + 2*s + 2. Let t(v) = -5*l(v) - 6*o(v). Let p(c) = -c**2 + 2*c + 1. Let r(a) = -7*p(a) - 2*t(a). Give r(0).
-3
Suppose 5*v = -5*t + 38 - 13, -3*t + 2*v = -5. Let k(l) = 2*l**2 + l - 3. Calculate k(t).
18
Let n(t) be the first derivative of t**3/3 - 3*t**2/2 - 3*t - 1. Suppose -r - 13 = 4. Let h be r/(-4) + (-3)/12. Calculate n(h).
1
Let g be ((-13)/(-26))/(-2 + 14/8). Let z(u) = u - 4. What is z(g)?
-6
Suppose -5*s - 46 = 4*h - 2, 3*h = s - 14. Let g(r) be the first derivative of r**4/4 + 2*r**3 - r**2/2 - 6*r - 1. Calculate g(h).
0
Let g(w) = w**3 - 8*w**2 + w - 14. Let m be g(8). Let o(n) be the second derivative of 0 + 3*n - 7/2*n**2 - 1/6*n**3. Determine o(m).
-1
Let j be (-22)/(-3)*3/2. Let v(n) = 1 + n**2 - 11*n + 18*n - j*n. What is v(3)?
-2
Let x(l) be the second derivative of l**3/3 - 10*l**2 + 97*l. Determine x(0).
-20
Let l(k) = 10*k - 21 + 8*k - 29*k + 10*k. Calculate l(-13).
-8
Let w(q) = 3 + q + 0 + 0*q - 2. Let j be w(-3). Let d(o) = -3*o**3 - o**2 + 2*o. What is d(j)?
16
Let k(x) = -20*x + 13*x + 4 - 8. Let q(f) = 4*f + 2. Let p(i) = -6*k(i) - 11*q(i). Give p(3).
-4
Let u(n) be the third derivative of n**4/24 - n**3 - 123*n**2. Determine u(11).
5
Suppose 2*d - 8 = m, -2*d = 2*d - 4. Let s(t) = t**3 + 5*t**2 - 5*t - 3. Let x be s(m). Let l(a) = -a - 16. What is l(x)?
-7
Let n(v) = 563 - 15*v + 0*v - 562 - 2*v. Determine n(-1).
18
Let v be (-1)/(0 - (-2)/(-10)). Let c(j) = -j**3 - 4*j - 3*j**3 + v*j**3 - 3*j - 3 + 5*j**2. What is c(-6)?
3
Let i(u) = 16*u + 1. Let o(f) = -30*f - 1. Let l(g) = 7*i(g) + 4*o(g). Calculate l(3).
-21
Suppose -h = 3*g, 4*h - 6*h = -2*g + 8. Let w(i) = -12 + i + i**3 + 3*i**2 + g + 4 + 6. Suppose -15 = -5*u, 4*r = r + u - 15. What is w(r)?
-21
Let y(g) be the second derivative of g**4/6 + 2*g**3/3 - 5*g**2/2 - 102*g. Calculate y(-4).
11
Let n be (-24)/84 - (-130)/14. Let o(w) = 4*w**2 - 17*w - 5. Let f(g) = g**2 - 4*g - 1. Let t(j) = n*f(j) - 2*o(j). Calculate t(1).
0
Let b be 4/(-10) + (-14)/(-10). Let y(p) be the first derivative of p**5/20 + p**4/12 - p**3/6 + 9*p + 3. Let g(s) be the first derivative of y(s). Give g(b).
1
Let v(t) be the second derivative of t**5/20 + t**4/2 - t**3/3 - 9*t**2/2 - 142*t. Calculate v(-6).
3
Let t(s) = s**2 - 8*s - 5. Suppose o = a + 6, -2*o = -o + 5*a - 24. What is t(o)?
4
Suppose -3*l + 88 = l. Suppose -6 - l = 4*s. Let i(p) = -1 - 1 - 945*p**3 + 946*p**3 + 7*p**2 + p. Determine i(s).
-9
Let z(m) = -m + 1. Let k(y) = -y - 7. Let b be k(-10). Give z(b).
-2
Let t(w) = 6*w - 10. Let n be ((-4)/(-12))/(205/(-105) + 2). Determine t(n).
32
Let l(k) be the third derivative of k**4/24 - k**3/6 - k**2. Suppose -34*z = -86*z. Determine l(z).
-1
Let h(f) = 2 - 195*f**3 + 9*f + 6 + 9*f**2 + 196*f**3. Determine h(-7).
43
Let h(w) = -102 + w + 53 - 3*w. What is h(-21)?
-7
Suppose 3*a = 3*c, -3*c + 181*a - 179*a = -3. Let t(d) be the second derivative of 7*d + 0 - 1/6*d**c + 3/2*d**2. Determine t(4).
-1
Let n(z) be the third derivative of z**5/20 + z**4/24 - z**3/6 - 81*z**2. Let y be ((-4)/4)/(2/(-4)). Calculate n(y).
13
Let a(k) = -9*k + 54. Let l be a(6). Let m(d) = l*d - d - 7 - 1 - 3. Give m(-7).
-4
Let n(p) = -p**2 + p + 3. Suppose -28 = -2*v - 18. Suppose 4*d - 3*r - 53 = 0, -v*r + 3 = 18. Suppose j + 2 = w, -w + 4*j = 2*w - d. Calculate n(w).
-9
Let u(q) be the third derivative of q**7/2520 + q**6/144 + q**5/24 - q**4/8 - q**2. Let d(m) be the second derivative of u(m). Calculate d(-4).
1
Let m(z) be the first derivative of -7*z - z**3 + z**2 + 5 + 1/6*z**4. Let h(f) be the first derivative of m(f). What is h(4)?
10
Let h(w) be the first derivative of 1/12*w**4 + 0*w + 0*w**3 + 1/15*w**5 - 5 - 1/2*w**2. Let v(u) be the second derivative of h(u). What is v(-2)?
12
Let k(m) be the first derivative of m**4/4 + m**2/2 + m + 5. Suppose -62*c + 63*c + 1 = 0. Determine k(c).
-1
Let h(o) be the first derivative of 5*o**4/6 - o**3/3 + o**2/2 - 12*o + 4. Let u(f) be the first derivative of h(f). Let b be -2*(1 + (-3)/2). What is u(b)?
9
Let m be (12/9)/(3 + 41/(-15)). Let y(f) = -2*f**2 + 19*f - 19. Let w(j) = -3*j**2 + 29*j - 29. Let l(o) = -5*w(o) + 8*y(o). Give l(m).
3
Let l = -273 - -274. Let y(m) = 2*m**3. Give y(l).
2
Let x = 3 + -16. Let a(i) = -i - 16. Let f be a(x). Let j(k) = -k**2 - 7*k - 3. Determine j(f).
9
Let k(i) = -i**3 + 4*i**2 + 6*i - 1. Let z(g) = 39 + 0*g + 13*g - g**2 - 76. Let w be z(7). Calculate k(w).
4
Let n(s) = s**2 - s + 1. Suppose -81*w + 78*w + 114 = 0. Let l = w + -34. Determine n(l).
13
Suppose 0 = 2*v + 71 + 15. Let u = v - -46. Let t(i) = 3*i + 4. Give t(u).
13
Let z(y) = -2*y**3 + 14*y**2 + 17*y - 17. Let k be z(8). Let d(o) = 2*o + 23. What is d(k)?
5
Let j(s) = -2*s**3 + s**2 + s + 1. Let q = -16 - -21. Let z(w) = w - 16. Let c be z(q). Let f = -12 - c. Determine j(f).
3
Let p(g) = g**2 + 6*g + 5. Let f be 9 + -6 - -2*4. Suppose -2*u + f = -u. Suppose 2*j - 4*k = 4*j + 20, 2*j + k = -u. Determine p(j).
-3
Let z(q) = -q + 1. Let k be (0 - -2)/(1/3). Let n = k - 9. Let v be n/(-1 + (-6)/(-3)). Calculate z(v).
4
Let u(l) = l**2 - 7*l + 5. Let w(p) = 7*p + 8 - 21*p + 59*p**2 - 60*p**2. Let o be w(-14). Determine u(o).
13
Suppose -551*w - 125 = -526*w. Let u(a) = a**2 + 5*a - 2. Give u(w).
-2
Suppose h + h - 8 = 0. Suppose -h = -2*k - 0*k. Let m(l) = 6*l - 1. Let p(g) = 8*g - 2. Let x(z) = -3*m(z) + 2*p(z). Give x(k).
-5
Let r(f) = f**2 + 28*f + 157. Let q be r(-7). Let n(k) = -k**3 + 11*k**2 - 10*k - 2. Give n(q).
-2
Let b(o) = o**3 - 5*o**2 - 8*o + 9. Suppose -2*a - 222 = -234. Determine b(a).
-3
Let p(f) = -f**3 - 3*f**2 + 2*f + 1. Let s be p(-3). Let t = s + -2. Let j = t + 8. Let l(w) = -2*w**2 + 2*w - 1. Determine l(j).
-1
Let v(a) = -a + 2. Let x(d) = d**2 + 3*d - 5. Let w be x(-5). Suppose -w*z = -1 - 9. Suppose z*l = -3*u + 19, -l - 5*u + 31 = 11. What is v(l)?
-3
Let u(d) = 3*d - 9 + 6 - d**2 + 6 - 2. Suppose 20 = -5*b, 0*b - b = -3*t + 1. Let s = t + 4. Determine u(s).
1
Let c(w) = -3*w**2 - 3*w + 3. Let j = 100 + -105. Let n(s) = 4*s**2 + 4*s - 4. Let u(d) = j*c(d) - 4*n(d). Suppose 3*b - 4*b + 3 = 0. What is u(b)?
-11
Let j(q) = -42 - 7*q**2 + 3*q**2 + 44. Let c = -2 - -4. Give j(c).
-14
Let t(r) be the first derivative of -r**2/2 + 23*r + 218. Give t(15).
8
Let f(j) = 2*j - 3. Let t = 98 + -98. Suppose -2*u - u + 18 = t. Give f(u).
9
Let s(p) = -p**3 - 8*p**2 - 14*p - 5. Let b be s(-2). Let h(u) = 7*u**2 + u. Determine h(b).
6
Let a(f) = -31*f**3 + 2*f**2 + 4*f - 3. Let h(w) = 61*w**3 - 3*w**2 - 7*w + 5. Let y(t) = 5*a(t) + 3*h(t). Give y(1).
28
Let u = 262 + -261. Let r(h) = h - h**2 - 4 + 3*h**3 + 2 + 1. Give r(u).
2
Let t(o) = o + 5. Suppose -2*n - 36 = -6*n. Suppose -4*l - 20 = -n*l. Suppose -l*u + 4 + 2 = -2*h, 0 = -2*u - 2. Give t(h).
0
Let t = -1315 + 1318. Let s(p) = 2*p. Calculate s(t).
6
Let l(x) be the first derivative of -x**3/3 - 2*x**2 - 3*x - 98. Give l(-4).
-3
Let n(x) be the second derivative of 8*x + 0 + 3/2*x**2 - 1/6*x**3. Let p be (0*2/4)/1. What is n(p)?
3
Let n(q) = -2*q**2 + 3*q + 2. Suppose 0 = 2*s - 19 - 5. Suppose 2*z - s = -2*z. Give n(z).
-7
Let s(v) = -11*v - 9. Let t be s(4). Let a = 52 + t. Let g(z) = -22*z**3 - 2*z**2 + 1. What 